se 4) in base 14?
3
41 (base 14) to base 9
63
What is 0 (base 14) in base 3?
0
What is -22 (base 3) in base 15?
-8
Convert 6 (base 11) to base 7.
6
31 (base 8) to base 13
1c
What is -2 (base 7) in base 13?
-2
-10 (base 11) to base 10
-11
What is 2 (base 14) in base 15?
2
Convert -2a (base 12) to base 6.
-54
What is 2 (base 7) in base 11?
2
What is 10 (base 7) in base 10?
7
What is 21 (base 3) in base 13?
7
What is -85 (base 10) in base 8?
-125
Convert -7 (base 8) to base 12.
-7
100 (base 2) to base 5
4
What is 11 (base 11) in base 4?
30
What is -52 (base 9) in base 11?
-43
What is 94 (base 15) in base 3?
12011
1030 (base 4) to base 10
76
What is -11 (base 13) in base 2?
-1110
Convert -10 (base 7) to base 3.
-21
-6 (base 14) to base 16
-6
Convert -1 (base 15) to base 4.
-1
52 (base 13) to base 15
47
What is 1001 (base 3) in base 11?
26
2 (base 3) to base 14
2
What is 110 (base 2) in base 5?
11
107 (base 10) to base 9
128
Convert 302 (base 6) to base 15.
75
What is 230 (base 4) in base 8?
54
Convert -12 (base 3) to base 6.
-5
What is 421 (base 8) in base 13?
180
-c (base 15) to base 5
-22
102 (base 3) to base 11
10
Convert 86 (base 11) to base 7.
163
Convert -1100111 (base 2) to base 7.
-205
Convert -1 (base 5) to base 13.
-1
-15 (base 6) to base 10
-11
5 (base 9) to base 11
5
Convert 1 (base 15) to base 3.
1
Convert -1331 (base 4) to base 5.
-1000
-5 (base 8) to base 4
-11
What is -101 (base 5) in base 12?
-22
-75 (base 8) to base 10
-61
-10 (base 12) to base 9
-13
What is 1112 (base 3) in base 4?
221
104 (base 9) to base 8
125
Convert -1 (base 10) to base 12.
-1
1 (base 15) to base 4
1
Convert -5 (base 13) to base 5.
-10
3 (base 11) to base 9
3
-1 (base 4) to base 11
-1
-4 (base 16) to base 4
-10
1 (base 3) to base 2
1
What is -23 (base 4) in base 5?
-21
What is 21 (base 4) in base 11?
9
What is b (base 12) in base 3?
102
410 (base 5) to base 14
77
What is -13 (base 12) in base 8?
-17
Convert -10 (base 9) to base 16.
-9
-36 (base 8) to base 3
-1010
112 (base 4) to base 2
10110
What is -44 (base 6) in base 16?
-1c
-22 (base 8) to base 10
-18
What is -1 (base 7) in base 2?
-1
What is 40 (base 5) in base 13?
17
Convert -12 (base 5) to base 2.
-111
Convert 20 (base 11) to base 10.
22
Convert 56 (base 11) to base 6.
141
3 (base 7) to base 9
3
Convert 28 (base 10) to base 5.
103
Convert 2 (base 16) to base 6.
2
Convert 0 (base 9) to base 14.
0
What is 1b (base 15) in base 11?
24
What is 111 (base 2) in base 8?
7
What is 12 (base 3) in base 8?
5
Convert 1 (base 13) to base 2.
1
2 (base 12) to base 3
2
4 (base 12) to base 2
100
-6 (base 12) to base 7
-6
Convert 3 (base 11) to base 2.
11
What is 112 (base 4) in base 6?
34
-7 (base 9) to base 14
-7
-100 (base 3) to base 16
-9
Convert -17 (base 13) to base 8.
-24
-1e (base 15) to base 3
-1002
-114 (base 7) to base 5
-220
-38 (base 12) to base 10
-44
What is 5 (base 8) in base 3?
12
What is -2 (base 3) in base 9?
-2
What is 1 (base 10) in base 2?
1
Convert 2101 (base 3) to base 11.
59
Convert 4 (base 7) to base 13.
4
What is -3 (base 9) in base 7?
-3
Convert -103 (base 11) to base 15.
-84
-11b (base 15) to base 14
-13d
Convert 34 (base 5) to base 8.
23
Convert 5 (base 12) to base 13.
5
Convert -3 (base 9) to base 10.
-3
-1a (base 14) to base 13
-1b
-3d (base 14) to base 3
-2001
What is 1 (base 8) in base 9?
1
-1103 (base 4) to base 8
-123
-2 (base 7) to base 13
-2
What is -10 (base 15) in base 8?
-17
Convert -6 (base 12) to base 13.
-6
1132 (base 7) to base 9
511
-4 (base 6) to base 9
-4
Convert 8 (base 13) to base 8.
10
-41 (base 10) to base 5
-131
What is -4 (base 10) in base 12?
-4
What is 211 (base 3) in base 12?
1a
What is -12 (base 9) in base 12?
-b
What is 2d (base 14) in base 9?
45
Convert 4 (base 13) to base 11.
4
-13b (base 12) to base 9
-232
What is -2 (base 9) in base 12?
-2
-73 (base 8) to base 9
-65
What is -a (base 11) in base 16?
-a
100 (base 2) to base 11
4
-1 (base 6) to base 12
-1
-10 (base 3) to base 12
-3
What is 211 (base 3) in base 5?
42
What is 2 (base 11) in base 10?
2
What is 1 (base 5) in base 6?
1
Convert -10210 (base 4) to base 8.
-444
Convert 1 (base 8) to base 16.
1
-1a (base 16) to base 3
-222
Convert -1 (base 14) to base 11.
-1
Convert -22012 (base 3) to base 4.
-3131
32 (base 13) to base 3
1112
What is 1d (base 14) in base 16?
1b
What is -10100110 (base 2) in base 14?
-bc
Convert 0 (base 6) to base 11.
0
-23 (base 6) to base 10
-15
What is 19 (base 13) in base 5?
42
1232 (base 4) to base 15
75
Convert 0 (base 15) to base 6.
0
Convert 1001 (base 2) to base 7.
12
Convert 4 (base 10) to base 4.
10
30 (base 13) to base 9
43
What is -3 (base 13) in base 2?
-11
-19 (base 12) to base 8
-25
-1 (base 12) to base 9
-1
What is -b6 (base 13) in base 9?
-175
What is -10 (base 12) in base 4?
-30
-100011 (base 2) to base 13
-29
Convert 47 (base 10) to base 9.
52
Convert -32 (base 7) to base 15.
-18
What is -37 (base 12) in base 2?
-101011
-3 (base 9) to base 3
-10
Convert 42 (base 11) to base 5.
141
What is -101 (base 8) in base 6?
-145
What is 4 (base 14) in base 11?
4
Convert 61 (base 7) to base 14.
31
What is 12 (base 6) in base 2?
1000
-d (base 14) to base 8
-15
Convert 1a (base 14) to base 16.
18
Convert -4 (base 5) to base 14.
-4
Convert -21 (base 5) to base 3.
-102
Convert 173 (base 9) to base 5.
1042
-a2 (base 12) to base 6
-322
Convert 0 (base 16) to base 9.
0
12 (base 7) to base 4
21
What is -1 (base 7) in base 10?
-1
Convert -131 (base 6) to base 2.
-110111
What is 15 (base 7) in base 5?
22
What is 3 (base 13) in base 16?
3
What is -4 (base 14) in base 8?
-4
Convert -1424 (base 5) to base 3.
-22212
1011 (base 6) to base 8
337
What is 1 (base 12) in base 13?
1
Convert -34 (base 6) to base 12.
-1a
Convert 415 (base 6) to base 7.
311
What is -14 (base 15) in base 5?
-34
What is 11 (base 3) in base 14?
4
-1 (base 3) to base 7
-1
28 (base 14) to base 2
100100
Convert -161 (base 7) to base 6.
-232
2 (base 5) to base 2
10
What is 34 (base 8) in base 15?
1d
What is 1 (base 5) in base 8?
1
What is -19 (base 10) in base 13?
-16
What is -111101 (base 2) in base 11?
-56
What is 31 (base 13) in base 8?
50
-101100011 (base 2) to base 8
-543
Convert 2 (base 10) to base 8.
2
What is -4 (base 11) in base 2?
-100
41 (base 10) to base 7
56
-15 (base 12) to base 3
-122
What is -2 (base 12) in base 5?
-2
-29 (base 13) to base 14
-27
What is -10000 (base 2) in base 7?
-22
Convert 3 (base 6) to base 7.
3
What is -10 (base 4) in base 15?
-4
What is 0 (base 11) in base 13?
0
What is 3 (base 12) in base 15?
3
-4 (base 7) to base 13
-4
Convert -13 (base 4) to base 8.
-7
Convert -9 (base 14) to base 11.
-9
What is 10 (base 3) in base 10?
3
What is 1 (base 15) in base 12?
1
Convert -8 (base 14) to base 6.
-12
25 (base 11) to base 9
30
-1 (base 13) to base 5
-1
What is 5 (base 14) in base 11?
5
6 (base 10) to base 11
6
-6 (base 9) to base 3
-20
-4 (base 13) to base 12
-4
0 (base 7) to base 2
0
What is 27 (base 13) in base 8?
41
What is 5 (base 7) in base 11?
5
What is 7 (base 12) in base 8?
7
-135 (base 10) to base 12
-b3
-3 (base 4) to base 15
-3
Convert -52 (base 15) to base 7.
-140
130 (base 8) to base 13
6a
What is 110 (base 7) in base 15?
3b
What is f (base 16) in base 4?
33
2 (base 14) to base 2
10
0 (base 9) to base 4
0
Convert -122 (base 10) to base 13.
-95
What is 41 (base 10) in base 4?
221
What is 24 (base 16) in base 6?
100
What is -2 (base 5) in base 12?
-2
What is -7c (base 14) in base 6?
-302
Convert -22 (base 7) to base 16.
-10
5a (base 12) to base 15
4a
What is 102 (base 3) in base 6?
15
5a (base 15) to base 12
71
Convert 31 (base 4) to base 16.
d
Convert -156 (base 7) to base 8.
-132
Convert -43 (base 6) to base 7.
-36
What is -8 (base 9) in base 13?
-8
What is 7 (base 9) in base 8?
7
-10021 (base 3) to base 2
-1011000
What is 0 (base 6) in base 11?
0
What is 5 (base 12) in base 11?
5
Convert -7a (base 11) to base 7.
-153
What is 3 (base 10) in base 6?
3
Convert -14 (base 9) to base 13.
-10
55 (base 11) to base 6
140
What is -21 (base 15) in base 5?
-111
Convert 12 (base 9) to base 12.
b
What is 23 (base 8) in base 16?
13
What is -1 (base 10) in base 11?
-1
Convert -4 (base 15) to base 2.
-100
What is 6 (base 8) in base 11?
6
Convert 114 (base 5) to base 13.
28
Convert -10 (base 2) 